{"id":551,"date":"2021-11-17T17:15:16","date_gmt":"2021-11-17T16:15:16","guid":{"rendered":"https:\/\/preprod.beauxarts-cie.com\/consulting\/?page_id=551"},"modified":"2021-11-17T17:17:02","modified_gmt":"2021-11-17T16:17:02","slug":"grand-debat-de-la-culture","status":"publish","type":"page","link":"https:\/\/preprod.beauxarts-cie.com\/consulting\/projets\/grand-debat-de-la-culture\/","title":{"rendered":"Grand D\u00e9bat de la Culture"},"content":{"rendered":"\n<div class=\"wp-block-columns refId\">\n<div class=\"wp-block-column\">\n<h2 class=\"has-text-align-left\">Client : Beaux Arts &amp; Cie et Fondation du Patrimoine<\/h2>\n<\/div>\n\n\n\n<div class=\"wp-block-column\">\n<p>2019<br>Int\u00e9gration des enjeux d\u2019avenir, compr\u00e9hension des tendances d\u2019aujourd\u2019hui<\/p>\n<\/div>\n<\/div>\n\n\n\n<p>Collecte des propositions citoyennes autour de la culture, dans le cadre du Grand d\u00e9bat national, pour pr\u00e9sentation au minist\u00e8re de la Culture.<\/p>\n\n\n\n<p><strong>Le contexte :<\/strong><\/p>\n\n\n\n<p>Dans le cadre du grand d\u00e9bat lanc\u00e9 en d\u00e9cembre 2018 par le Pr\u00e9sident de la R\u00e9publique, Beaux Arts Magazine, le Quotidien de l\u2019Art et la Fondation du Patrimoine se sont associ\u00e9s pour organiser une grande consultation citoyenne sur la culture.<\/p>\n\n\n\n<p><strong>Travaux men\u00e9s :<\/strong><\/p>\n\n\n\n<ul><li>Identification de trois th\u00e9matiques centrales : la culture pour tous, l\u2019\u00e9ducation artistique et le patrimoine<\/li><li>Cr\u00e9ation d\u2019une plateforme de consultation en ligne<\/li><li>Organisation et animation de deux d\u00e9bats physiques, aux Beaux Arts de Paris et au Centquatre-Paris, r\u00e9unissant des professionnels des secteurs culturels et des citoyens<\/li><li>Collecte, sur la plateforme, des comptes-rendus de d\u00e9bats r\u00e9alis\u00e9s dans plusieurs villes de France<\/li><li>Analyse et synth\u00e8se des propositions<\/li><li>R\u00e9daction d\u2019un rapport, remis au ministre de la Culture Frank Riester<\/li><\/ul>\n\n\n\n<p><\/p>\n","protected":false},"excerpt":{"rendered":"<p>Client : Beaux Arts &amp; Cie et Fondation du Patrimoine 2019Int\u00e9gration des enjeux d\u2019avenir, compr\u00e9hension des tendances d\u2019aujourd\u2019hui Collecte des propositions citoyennes autour de la culture, dans le cadre du Grand d\u00e9bat national, pour pr\u00e9sentation au minist\u00e8re de la Culture. Le contexte : Dans le cadre du grand d\u00e9bat lanc\u00e9 en d\u00e9cembre 2018 par le [&hellip;]<\/p>\n","protected":false},"author":12,"featured_media":550,"parent":49,"menu_order":0,"comment_status":"closed","ping_status":"closed","template":"tpl-page-child-reference.php","meta":[],"yoast_head":"<!-- This site is optimized with the Yoast SEO plugin v18.0 - https:\/\/yoast.com\/wordpress\/plugins\/seo\/ -->\n<meta name=\"robots\" content=\"index, follow, max-snippet:-1, max-image-preview:large, max-video-preview:-1\" \/>\n<link rel=\"canonical\" href=\"https:\/\/preprod.beauxarts-cie.com\/consulting\/projets\/grand-debat-de-la-culture\/\" \/>\n<meta property=\"og:locale\" content=\"fr_FR\" \/>\n<meta property=\"og:type\" content=\"article\" \/>\n<meta property=\"og:title\" content=\"Grand D\u00e9bat de la Culture - Beaux Arts Consulting\" \/>\n<meta property=\"og:description\" content=\"Client : Beaux Arts &amp; Cie et Fondation du Patrimoine 2019Int\u00e9gration des enjeux d\u2019avenir, compr\u00e9hension des tendances d\u2019aujourd\u2019hui Collecte des propositions citoyennes autour de la culture, dans le cadre du Grand d\u00e9bat national, pour pr\u00e9sentation au minist\u00e8re de la Culture. Le contexte : Dans le cadre du grand d\u00e9bat lanc\u00e9 en d\u00e9cembre 2018 par le [&hellip;]\" \/>\n<meta property=\"og:url\" content=\"https:\/\/preprod.beauxarts-cie.com\/consulting\/projets\/grand-debat-de-la-culture\/\" \/>\n<meta property=\"og:site_name\" content=\"Beaux Arts Consulting\" \/>\n<meta property=\"article:modified_time\" content=\"2021-11-17T16:17:02+00:00\" \/>\n<meta property=\"og:image\" content=\"https:\/\/preprod.beauxarts-cie.com\/consulting\/wp-content\/uploads\/sites\/3\/2021\/11\/Grand-debat-culture.jpg\" \/>\n\t<meta property=\"og:image:width\" content=\"1416\" \/>\n\t<meta property=\"og:image:height\" content=\"708\" \/>\n\t<meta property=\"og:image:type\" content=\"image\/jpeg\" \/>\n<meta name=\"twitter:card\" content=\"summary_large_image\" \/>\n<meta name=\"twitter:label1\" content=\"Dur\u00e9e de lecture estim\u00e9e\" \/>\n\t<meta name=\"twitter:data1\" content=\"1 minute\" \/>\n<script type=\"application\/ld+json\" class=\"yoast-schema-graph\">{\"@context\":\"https:\/\/schema.org\",\"@graph\":[{\"@type\":\"WebSite\",\"@id\":\"https:\/\/preprod.beauxarts-cie.com\/consulting\/#website\",\"url\":\"https:\/\/preprod.beauxarts-cie.com\/consulting\/\",\"name\":\"Beaux Arts Consulting\",\"description\":\"Conseil en strat\u00e9gie, innovation et ing\u00e9nierie culturelle\",\"potentialAction\":[{\"@type\":\"SearchAction\",\"target\":{\"@type\":\"EntryPoint\",\"urlTemplate\":\"https:\/\/preprod.beauxarts-cie.com\/consulting\/?s={search_term_string}\"},\"query-input\":\"required name=search_term_string\"}],\"inLanguage\":\"fr-FR\"},{\"@type\":\"ImageObject\",\"@id\":\"https:\/\/preprod.beauxarts-cie.com\/consulting\/projets\/grand-debat-de-la-culture\/#primaryimage\",\"inLanguage\":\"fr-FR\",\"url\":\"https:\/\/preprod.beauxarts-cie.com\/consulting\/wp-content\/uploads\/sites\/3\/2021\/11\/Grand-debat-culture.jpg\",\"contentUrl\":\"https:\/\/preprod.beauxarts-cie.com\/consulting\/wp-content\/uploads\/sites\/3\/2021\/11\/Grand-debat-culture.jpg\",\"width\":1416,\"height\":708},{\"@type\":\"WebPage\",\"@id\":\"https:\/\/preprod.beauxarts-cie.com\/consulting\/projets\/grand-debat-de-la-culture\/#webpage\",\"url\":\"https:\/\/preprod.beauxarts-cie.com\/consulting\/projets\/grand-debat-de-la-culture\/\",\"name\":\"Grand D\u00e9bat de la Culture - Beaux Arts Consulting\",\"isPartOf\":{\"@id\":\"https:\/\/preprod.beauxarts-cie.com\/consulting\/#website\"},\"primaryImageOfPage\":{\"@id\":\"https:\/\/preprod.beauxarts-cie.com\/consulting\/projets\/grand-debat-de-la-culture\/#primaryimage\"},\"datePublished\":\"2021-11-17T16:15:16+00:00\",\"dateModified\":\"2021-11-17T16:17:02+00:00\",\"breadcrumb\":{\"@id\":\"https:\/\/preprod.beauxarts-cie.com\/consulting\/projets\/grand-debat-de-la-culture\/#breadcrumb\"},\"inLanguage\":\"fr-FR\",\"potentialAction\":[{\"@type\":\"ReadAction\",\"target\":[\"https:\/\/preprod.beauxarts-cie.com\/consulting\/projets\/grand-debat-de-la-culture\/\"]}]},{\"@type\":\"BreadcrumbList\",\"@id\":\"https:\/\/preprod.beauxarts-cie.com\/consulting\/projets\/grand-debat-de-la-culture\/#breadcrumb\",\"itemListElement\":[{\"@type\":\"ListItem\",\"position\":1,\"name\":\"Projets\",\"item\":\"https:\/\/preprod.beauxarts-cie.com\/consulting\/projets\/\"},{\"@type\":\"ListItem\",\"position\":2,\"name\":\"Grand D\u00e9bat de la Culture\"}]}]}<\/script>\n<!-- \/ Yoast SEO plugin. -->","yoast_head_json":{"robots":{"index":"index","follow":"follow","max-snippet":"max-snippet:-1","max-image-preview":"max-image-preview:large","max-video-preview":"max-video-preview:-1"},"canonical":"https:\/\/preprod.beauxarts-cie.com\/consulting\/projets\/grand-debat-de-la-culture\/","og_locale":"fr_FR","og_type":"article","og_title":"Grand D\u00e9bat de la Culture - Beaux Arts Consulting","og_description":"Client : Beaux Arts &amp; Cie et Fondation du Patrimoine 2019Int\u00e9gration des enjeux d\u2019avenir, compr\u00e9hension des tendances d\u2019aujourd\u2019hui Collecte des propositions citoyennes autour de la culture, dans le cadre du Grand d\u00e9bat national, pour pr\u00e9sentation au minist\u00e8re de la Culture. Le contexte : Dans le cadre du grand d\u00e9bat lanc\u00e9 en d\u00e9cembre 2018 par le [&hellip;]","og_url":"https:\/\/preprod.beauxarts-cie.com\/consulting\/projets\/grand-debat-de-la-culture\/","og_site_name":"Beaux Arts Consulting","article_modified_time":"2021-11-17T16:17:02+00:00","og_image":[{"width":1416,"height":708,"url":"https:\/\/preprod.beauxarts-cie.com\/consulting\/wp-content\/uploads\/sites\/3\/2021\/11\/Grand-debat-culture.jpg","type":"image\/jpeg"}],"twitter_card":"summary_large_image","twitter_misc":{"Dur\u00e9e de lecture estim\u00e9e":"1 minute"},"schema":{"@context":"https:\/\/schema.org","@graph":[{"@type":"WebSite","@id":"https:\/\/preprod.beauxarts-cie.com\/consulting\/#website","url":"https:\/\/preprod.beauxarts-cie.com\/consulting\/","name":"Beaux Arts Consulting","description":"Conseil en strat\u00e9gie, innovation et ing\u00e9nierie culturelle","potentialAction":[{"@type":"SearchAction","target":{"@type":"EntryPoint","urlTemplate":"https:\/\/preprod.beauxarts-cie.com\/consulting\/?s={search_term_string}"},"query-input":"required name=search_term_string"}],"inLanguage":"fr-FR"},{"@type":"ImageObject","@id":"https:\/\/preprod.beauxarts-cie.com\/consulting\/projets\/grand-debat-de-la-culture\/#primaryimage","inLanguage":"fr-FR","url":"https:\/\/preprod.beauxarts-cie.com\/consulting\/wp-content\/uploads\/sites\/3\/2021\/11\/Grand-debat-culture.jpg","contentUrl":"https:\/\/preprod.beauxarts-cie.com\/consulting\/wp-content\/uploads\/sites\/3\/2021\/11\/Grand-debat-culture.jpg","width":1416,"height":708},{"@type":"WebPage","@id":"https:\/\/preprod.beauxarts-cie.com\/consulting\/projets\/grand-debat-de-la-culture\/#webpage","url":"https:\/\/preprod.beauxarts-cie.com\/consulting\/projets\/grand-debat-de-la-culture\/","name":"Grand D\u00e9bat de la Culture - Beaux Arts Consulting","isPartOf":{"@id":"https:\/\/preprod.beauxarts-cie.com\/consulting\/#website"},"primaryImageOfPage":{"@id":"https:\/\/preprod.beauxarts-cie.com\/consulting\/projets\/grand-debat-de-la-culture\/#primaryimage"},"datePublished":"2021-11-17T16:15:16+00:00","dateModified":"2021-11-17T16:17:02+00:00","breadcrumb":{"@id":"https:\/\/preprod.beauxarts-cie.com\/consulting\/projets\/grand-debat-de-la-culture\/#breadcrumb"},"inLanguage":"fr-FR","potentialAction":[{"@type":"ReadAction","target":["https:\/\/preprod.beauxarts-cie.com\/consulting\/projets\/grand-debat-de-la-culture\/"]}]},{"@type":"BreadcrumbList","@id":"https:\/\/preprod.beauxarts-cie.com\/consulting\/projets\/grand-debat-de-la-culture\/#breadcrumb","itemListElement":[{"@type":"ListItem","position":1,"name":"Projets","item":"https:\/\/preprod.beauxarts-cie.com\/consulting\/projets\/"},{"@type":"ListItem","position":2,"name":"Grand D\u00e9bat de la Culture"}]}]}},"_links":{"self":[{"href":"https:\/\/preprod.beauxarts-cie.com\/consulting\/wp-json\/wp\/v2\/pages\/551"}],"collection":[{"href":"https:\/\/preprod.beauxarts-cie.com\/consulting\/wp-json\/wp\/v2\/pages"}],"about":[{"href":"https:\/\/preprod.beauxarts-cie.com\/consulting\/wp-json\/wp\/v2\/types\/page"}],"author":[{"embeddable":true,"href":"https:\/\/preprod.beauxarts-cie.com\/consulting\/wp-json\/wp\/v2\/users\/12"}],"replies":[{"embeddable":true,"href":"https:\/\/preprod.beauxarts-cie.com\/consulting\/wp-json\/wp\/v2\/comments?post=551"}],"version-history":[{"count":2,"href":"https:\/\/preprod.beauxarts-cie.com\/consulting\/wp-json\/wp\/v2\/pages\/551\/revisions"}],"predecessor-version":[{"id":553,"href":"https:\/\/preprod.beauxarts-cie.com\/consulting\/wp-json\/wp\/v2\/pages\/551\/revisions\/553"}],"up":[{"embeddable":true,"href":"https:\/\/preprod.beauxarts-cie.com\/consulting\/wp-json\/wp\/v2\/pages\/49"}],"wp:featuredmedia":[{"embeddable":true,"href":"https:\/\/preprod.beauxarts-cie.com\/consulting\/wp-json\/wp\/v2\/media\/550"}],"wp:attachment":[{"href":"https:\/\/preprod.beauxarts-cie.com\/consulting\/wp-json\/wp\/v2\/media?parent=551"}],"curies":[{"name":"wp","href":"https:\/\/api.w.org\/{rel}","templated":true}]}}