{"id":446,"date":"2021-11-16T19:13:14","date_gmt":"2021-11-16T18:13:14","guid":{"rendered":"https:\/\/preprod.beauxarts-cie.com\/consulting\/?page_id=446"},"modified":"2021-11-17T17:41:03","modified_gmt":"2021-11-17T16:41:03","slug":"palais-communal-de-nice","status":"publish","type":"page","link":"https:\/\/preprod.beauxarts-cie.com\/consulting\/projets\/palais-communal-de-nice\/","title":{"rendered":"Palais communal de Nice"},"content":{"rendered":"\n<div class=\"wp-block-columns refId\">\n<div class=\"wp-block-column\">\n<h2 class=\"has-text-align-left\">Client : Ville de Nice<\/h2>\n<\/div>\n\n\n\n<div class=\"wp-block-column\">\n<p>2021, en cours<br>Projet scientifique et culturel, ancrage territorial, d\u00e9veloppement de projets innovants<\/p>\n<\/div>\n<\/div>\n\n\n\n<p>Cadrage et d\u00e9finition du projet scientifique et culturel pour la cr\u00e9ation d\u2019un lieu culturel dans l&rsquo;ancien Palais communal de la ville de Nice. <\/p>\n\n\n\n<p><strong>Le contexte :<\/strong><\/p>\n\n\n\n<p>Dans le cadre de la requalification du quartier Saint-Fran\u00e7ois, la ville de Nice souhaite r\u00e9habiliter le Palais Communal, et y d\u00e9velopper un&nbsp;<strong>espace d\u00e9di\u00e9 \u00e0 la valorisation du patrimoine de la ville, de sa m\u00e9moire et de son histoire<\/strong>, notamment pour les p\u00e9riodes m\u00e9di\u00e9vale et moderne. En lien avec les collections des mus\u00e9es municipaux, l\u2019enjeu est de d\u00e9finir le projet scientifique et culturel qui animera ce lieu et en fera un espace vivant, capable d\u2019incarner l\u2019identit\u00e9 ni\u00e7oise, au c\u0153ur d\u2019une politique volontariste de red\u00e9ploiement des activit\u00e9s culturelles de la ville.<\/p>\n\n\n\n<p>Le groupement pilot\u00e9 par Beaux Arts Consulting associe les comp\u00e9tences d\u2019acteurs vari\u00e9s, dont le CENTQUATRE-PARIS pour la compr\u00e9hension des enjeux urbanistiques, l\u2019agence Frenak et Jullien pour la vision architecturale, Laurence Chesneau Dupin et Laure Armand d\u2019H\u00e9rouville pour l\u2019approche scientifique du PSC et des collections, et Christel Parisse pour le regard historique ni\u00e7ois.<\/p>\n\n\n\n<p><strong>Travaux men\u00e9s :<\/strong><\/p>\n\n\n\n<ul><li>Mettre en lumi\u00e8re l\u2019architecture et le pass\u00e9\u00a0du Palais Communal, et de l\u2019ensemble du quartier Saint-Fran\u00e7ois\u202f<\/li><li>Analyser les collections disponibles dans les autres mus\u00e9es de la ville ou en dehors pour accompagner le propos<\/li><li>Cadrer et d\u00e9tailler le projet scientifique et culturel le plus pertinent pour ce lieu<\/li><\/ul>\n","protected":false},"excerpt":{"rendered":"<p>Client : Ville de Nice 2021, en coursProjet scientifique et culturel, ancrage territorial, d\u00e9veloppement de projets innovants Cadrage et d\u00e9finition du projet scientifique et culturel pour la cr\u00e9ation d\u2019un lieu culturel dans l&rsquo;ancien Palais communal de la ville de Nice. Le contexte : Dans le cadre de la requalification du quartier Saint-Fran\u00e7ois, la ville de [&hellip;]<\/p>\n","protected":false},"author":1,"featured_media":447,"parent":49,"menu_order":0,"comment_status":"closed","ping_status":"closed","template":"tpl-page-child-reference.php","meta":[],"yoast_head":"<!-- This site is optimized with the Yoast SEO plugin v18.0 - https:\/\/yoast.com\/wordpress\/plugins\/seo\/ -->\n<meta name=\"robots\" content=\"index, follow, max-snippet:-1, max-image-preview:large, max-video-preview:-1\" \/>\n<link rel=\"canonical\" href=\"https:\/\/preprod.beauxarts-cie.com\/consulting\/projets\/palais-communal-de-nice\/\" \/>\n<meta property=\"og:locale\" content=\"fr_FR\" \/>\n<meta property=\"og:type\" content=\"article\" \/>\n<meta property=\"og:title\" content=\"Palais communal de Nice - Beaux Arts Consulting\" \/>\n<meta property=\"og:description\" content=\"Client : Ville de Nice 2021, en coursProjet scientifique et culturel, ancrage territorial, d\u00e9veloppement de projets innovants Cadrage et d\u00e9finition du projet scientifique et culturel pour la cr\u00e9ation d\u2019un lieu culturel dans l&rsquo;ancien Palais communal de la ville de Nice. Le contexte : Dans le cadre de la requalification du quartier Saint-Fran\u00e7ois, la ville de [&hellip;]\" \/>\n<meta property=\"og:url\" content=\"https:\/\/preprod.beauxarts-cie.com\/consulting\/projets\/palais-communal-de-nice\/\" \/>\n<meta property=\"og:site_name\" content=\"Beaux Arts Consulting\" \/>\n<meta property=\"article:modified_time\" content=\"2021-11-17T16:41:03+00:00\" \/>\n<meta property=\"og:image\" content=\"https:\/\/preprod.beauxarts-cie.com\/consulting\/wp-content\/uploads\/sites\/3\/2021\/11\/Nice-Palais-Communal.jpg\" \/>\n\t<meta property=\"og:image:width\" content=\"454\" \/>\n\t<meta property=\"og:image:height\" content=\"303\" \/>\n\t<meta property=\"og:image:type\" content=\"image\/jpeg\" \/>\n<meta name=\"twitter:card\" content=\"summary_large_image\" \/>\n<meta name=\"twitter:label1\" content=\"Dur\u00e9e de lecture estim\u00e9e\" \/>\n\t<meta name=\"twitter:data1\" content=\"2 minutes\" \/>\n<script type=\"application\/ld+json\" class=\"yoast-schema-graph\">{\"@context\":\"https:\/\/schema.org\",\"@graph\":[{\"@type\":\"WebSite\",\"@id\":\"https:\/\/preprod.beauxarts-cie.com\/consulting\/#website\",\"url\":\"https:\/\/preprod.beauxarts-cie.com\/consulting\/\",\"name\":\"Beaux Arts Consulting\",\"description\":\"Conseil en strat\u00e9gie, innovation et ing\u00e9nierie culturelle\",\"potentialAction\":[{\"@type\":\"SearchAction\",\"target\":{\"@type\":\"EntryPoint\",\"urlTemplate\":\"https:\/\/preprod.beauxarts-cie.com\/consulting\/?s={search_term_string}\"},\"query-input\":\"required name=search_term_string\"}],\"inLanguage\":\"fr-FR\"},{\"@type\":\"ImageObject\",\"@id\":\"https:\/\/preprod.beauxarts-cie.com\/consulting\/projets\/palais-communal-de-nice\/#primaryimage\",\"inLanguage\":\"fr-FR\",\"url\":\"https:\/\/preprod.beauxarts-cie.com\/consulting\/wp-content\/uploads\/sites\/3\/2021\/11\/Nice-Palais-Communal.jpg\",\"contentUrl\":\"https:\/\/preprod.beauxarts-cie.com\/consulting\/wp-content\/uploads\/sites\/3\/2021\/11\/Nice-Palais-Communal.jpg\",\"width\":454,\"height\":303},{\"@type\":\"WebPage\",\"@id\":\"https:\/\/preprod.beauxarts-cie.com\/consulting\/projets\/palais-communal-de-nice\/#webpage\",\"url\":\"https:\/\/preprod.beauxarts-cie.com\/consulting\/projets\/palais-communal-de-nice\/\",\"name\":\"Palais communal de Nice - Beaux Arts Consulting\",\"isPartOf\":{\"@id\":\"https:\/\/preprod.beauxarts-cie.com\/consulting\/#website\"},\"primaryImageOfPage\":{\"@id\":\"https:\/\/preprod.beauxarts-cie.com\/consulting\/projets\/palais-communal-de-nice\/#primaryimage\"},\"datePublished\":\"2021-11-16T18:13:14+00:00\",\"dateModified\":\"2021-11-17T16:41:03+00:00\",\"breadcrumb\":{\"@id\":\"https:\/\/preprod.beauxarts-cie.com\/consulting\/projets\/palais-communal-de-nice\/#breadcrumb\"},\"inLanguage\":\"fr-FR\",\"potentialAction\":[{\"@type\":\"ReadAction\",\"target\":[\"https:\/\/preprod.beauxarts-cie.com\/consulting\/projets\/palais-communal-de-nice\/\"]}]},{\"@type\":\"BreadcrumbList\",\"@id\":\"https:\/\/preprod.beauxarts-cie.com\/consulting\/projets\/palais-communal-de-nice\/#breadcrumb\",\"itemListElement\":[{\"@type\":\"ListItem\",\"position\":1,\"name\":\"Projets\",\"item\":\"https:\/\/preprod.beauxarts-cie.com\/consulting\/projets\/\"},{\"@type\":\"ListItem\",\"position\":2,\"name\":\"Palais communal de Nice\"}]}]}<\/script>\n<!-- \/ Yoast SEO plugin. -->","yoast_head_json":{"robots":{"index":"index","follow":"follow","max-snippet":"max-snippet:-1","max-image-preview":"max-image-preview:large","max-video-preview":"max-video-preview:-1"},"canonical":"https:\/\/preprod.beauxarts-cie.com\/consulting\/projets\/palais-communal-de-nice\/","og_locale":"fr_FR","og_type":"article","og_title":"Palais communal de Nice - Beaux Arts Consulting","og_description":"Client : Ville de Nice 2021, en coursProjet scientifique et culturel, ancrage territorial, d\u00e9veloppement de projets innovants Cadrage et d\u00e9finition du projet scientifique et culturel pour la cr\u00e9ation d\u2019un lieu culturel dans l&rsquo;ancien Palais communal de la ville de Nice. Le contexte : Dans le cadre de la requalification du quartier Saint-Fran\u00e7ois, la ville de [&hellip;]","og_url":"https:\/\/preprod.beauxarts-cie.com\/consulting\/projets\/palais-communal-de-nice\/","og_site_name":"Beaux Arts Consulting","article_modified_time":"2021-11-17T16:41:03+00:00","og_image":[{"width":454,"height":303,"url":"https:\/\/preprod.beauxarts-cie.com\/consulting\/wp-content\/uploads\/sites\/3\/2021\/11\/Nice-Palais-Communal.jpg","type":"image\/jpeg"}],"twitter_card":"summary_large_image","twitter_misc":{"Dur\u00e9e de lecture estim\u00e9e":"2 minutes"},"schema":{"@context":"https:\/\/schema.org","@graph":[{"@type":"WebSite","@id":"https:\/\/preprod.beauxarts-cie.com\/consulting\/#website","url":"https:\/\/preprod.beauxarts-cie.com\/consulting\/","name":"Beaux Arts Consulting","description":"Conseil en strat\u00e9gie, innovation et ing\u00e9nierie culturelle","potentialAction":[{"@type":"SearchAction","target":{"@type":"EntryPoint","urlTemplate":"https:\/\/preprod.beauxarts-cie.com\/consulting\/?s={search_term_string}"},"query-input":"required name=search_term_string"}],"inLanguage":"fr-FR"},{"@type":"ImageObject","@id":"https:\/\/preprod.beauxarts-cie.com\/consulting\/projets\/palais-communal-de-nice\/#primaryimage","inLanguage":"fr-FR","url":"https:\/\/preprod.beauxarts-cie.com\/consulting\/wp-content\/uploads\/sites\/3\/2021\/11\/Nice-Palais-Communal.jpg","contentUrl":"https:\/\/preprod.beauxarts-cie.com\/consulting\/wp-content\/uploads\/sites\/3\/2021\/11\/Nice-Palais-Communal.jpg","width":454,"height":303},{"@type":"WebPage","@id":"https:\/\/preprod.beauxarts-cie.com\/consulting\/projets\/palais-communal-de-nice\/#webpage","url":"https:\/\/preprod.beauxarts-cie.com\/consulting\/projets\/palais-communal-de-nice\/","name":"Palais communal de Nice - Beaux Arts Consulting","isPartOf":{"@id":"https:\/\/preprod.beauxarts-cie.com\/consulting\/#website"},"primaryImageOfPage":{"@id":"https:\/\/preprod.beauxarts-cie.com\/consulting\/projets\/palais-communal-de-nice\/#primaryimage"},"datePublished":"2021-11-16T18:13:14+00:00","dateModified":"2021-11-17T16:41:03+00:00","breadcrumb":{"@id":"https:\/\/preprod.beauxarts-cie.com\/consulting\/projets\/palais-communal-de-nice\/#breadcrumb"},"inLanguage":"fr-FR","potentialAction":[{"@type":"ReadAction","target":["https:\/\/preprod.beauxarts-cie.com\/consulting\/projets\/palais-communal-de-nice\/"]}]},{"@type":"BreadcrumbList","@id":"https:\/\/preprod.beauxarts-cie.com\/consulting\/projets\/palais-communal-de-nice\/#breadcrumb","itemListElement":[{"@type":"ListItem","position":1,"name":"Projets","item":"https:\/\/preprod.beauxarts-cie.com\/consulting\/projets\/"},{"@type":"ListItem","position":2,"name":"Palais communal de Nice"}]}]}},"_links":{"self":[{"href":"https:\/\/preprod.beauxarts-cie.com\/consulting\/wp-json\/wp\/v2\/pages\/446"}],"collection":[{"href":"https:\/\/preprod.beauxarts-cie.com\/consulting\/wp-json\/wp\/v2\/pages"}],"about":[{"href":"https:\/\/preprod.beauxarts-cie.com\/consulting\/wp-json\/wp\/v2\/types\/page"}],"author":[{"embeddable":true,"href":"https:\/\/preprod.beauxarts-cie.com\/consulting\/wp-json\/wp\/v2\/users\/1"}],"replies":[{"embeddable":true,"href":"https:\/\/preprod.beauxarts-cie.com\/consulting\/wp-json\/wp\/v2\/comments?post=446"}],"version-history":[{"count":3,"href":"https:\/\/preprod.beauxarts-cie.com\/consulting\/wp-json\/wp\/v2\/pages\/446\/revisions"}],"predecessor-version":[{"id":571,"href":"https:\/\/preprod.beauxarts-cie.com\/consulting\/wp-json\/wp\/v2\/pages\/446\/revisions\/571"}],"up":[{"embeddable":true,"href":"https:\/\/preprod.beauxarts-cie.com\/consulting\/wp-json\/wp\/v2\/pages\/49"}],"wp:featuredmedia":[{"embeddable":true,"href":"https:\/\/preprod.beauxarts-cie.com\/consulting\/wp-json\/wp\/v2\/media\/447"}],"wp:attachment":[{"href":"https:\/\/preprod.beauxarts-cie.com\/consulting\/wp-json\/wp\/v2\/media?parent=446"}],"curies":[{"name":"wp","href":"https:\/\/api.w.org\/{rel}","templated":true}]}}